{"id":308,"date":"2022-04-22T15:07:00","date_gmt":"2022-04-22T13:07:00","guid":{"rendered":"http:\/\/www.xn--weinblten-v9a.at\/?page_id=308"},"modified":"2024-04-24T08:10:50","modified_gmt":"2024-04-24T06:10:50","slug":"impressum","status":"publish","type":"page","link":"https:\/\/www.xn--weinblten-v9a.at\/?page_id=308","title":{"rendered":"Impressum"},"content":{"rendered":"\n<p><strong><u><strong>Impressum<\/strong><\/u><\/strong><strong><u><strong><\/strong><\/u><\/strong><\/p>\n\n\n\n<p>Die Weinbl\u00fcten<\/p>\n\n\n\n<p>H\u00fcrth 37, 8492 Halbenrain\/Kl\u00f6ch<\/p>\n\n\n\n<p>+43 664 35 22 080<\/p>\n\n\n\n<p><a href=\"mailto:info@weinbl\u00fcten.at\">info@weinbl\u00fcten.at<\/a><\/p>\n\n\n\n<p><a href=\"http:\/\/www.weinbl\u00fcten.at\"><u>www.weinbl\u00fcten.at<\/u><\/a><\/p>\n","protected":false},"excerpt":{"rendered":"<p>Impressum Die Weinbl\u00fcten H\u00fcrth 37, 8492 Halbenrain\/Kl\u00f6ch +43 664 35 22 080 info@weinbl\u00fcten.at www.weinbl\u00fcten.at<\/p>\n","protected":false},"author":1,"featured_media":0,"parent":0,"menu_order":0,"comment_status":"closed","ping_status":"closed","template":"","meta":{"_mc_calendar":[],"footnotes":""},"class_list":["post-308","page","type-page","status-publish","hentry"],"_links":{"self":[{"href":"https:\/\/www.xn--weinblten-v9a.at\/index.php?rest_route=\/wp\/v2\/pages\/308","targetHints":{"allow":["GET"]}}],"collection":[{"href":"https:\/\/www.xn--weinblten-v9a.at\/index.php?rest_route=\/wp\/v2\/pages"}],"about":[{"href":"https:\/\/www.xn--weinblten-v9a.at\/index.php?rest_route=\/wp\/v2\/types\/page"}],"author":[{"embeddable":true,"href":"https:\/\/www.xn--weinblten-v9a.at\/index.php?rest_route=\/wp\/v2\/users\/1"}],"replies":[{"embeddable":true,"href":"https:\/\/www.xn--weinblten-v9a.at\/index.php?rest_route=%2Fwp%2Fv2%2Fcomments&post=308"}],"version-history":[{"count":3,"href":"https:\/\/www.xn--weinblten-v9a.at\/index.php?rest_route=\/wp\/v2\/pages\/308\/revisions"}],"predecessor-version":[{"id":473,"href":"https:\/\/www.xn--weinblten-v9a.at\/index.php?rest_route=\/wp\/v2\/pages\/308\/revisions\/473"}],"wp:attachment":[{"href":"https:\/\/www.xn--weinblten-v9a.at\/index.php?rest_route=%2Fwp%2Fv2%2Fmedia&parent=308"}],"curies":[{"name":"wp","href":"https:\/\/api.w.org\/{rel}","templated":true}]}}